{"id":2567,"date":"2024-12-11T14:39:19","date_gmt":"2024-12-11T14:39:19","guid":{"rendered":"https:\/\/www.mariaacunamusica.com\/inicio\/?page_id=2567"},"modified":"2025-01-24T15:41:55","modified_gmt":"2025-01-24T15:41:55","slug":"proyectos","status":"publish","type":"page","link":"https:\/\/www.mariaacunamusica.com\/inicio\/proyectos\/","title":{"rendered":"Proyectos"},"content":{"rendered":"<section class=\"wpb-content-wrapper\"><p>[vc_row][vc_column width=\u00bb1\/4&#8243;][\/vc_column][vc_column width=\u00bb1\/2&#8243;][vc_column_text]<\/p>\n<h6 style=\"text-align: justify;\"><strong>Mar\u00eda Acu\u00f1a<\/strong><br \/>\nEs una cantautora y percusionista de trayectoria internacional nacida en Venezuela y de residencia andante, actualmente en Chile, que ofrece una fusi\u00f3n de m\u00fasica de ra\u00edz latinoamericana con toques de jazz en sus composiciones y en el repertorio que ama para compartir historias, conversaciones y preguntas con el p\u00fablico.<\/h6>\n<h6 style=\"text-align: justify;\"><strong>Mar\u00eda Acu\u00f1a &amp; Miguel Antonio D\u00fao<\/strong><br \/>\nCon el destacado pianista Miguel Antonio Sep\u00falveda, y cada uno con sus aportes y experiencia en la m\u00fasica popular de ra\u00edz latinoamericana, cl\u00e1sica, contempor\u00e1nea y el jazz, nos presentan como d\u00fao una sonoridad vers\u00e1til y emocionante de composiciones originales y del repertorio latinoamericano con canciones y temas instrumentales para identificarnos con historias propias de nuestro continente y espacios sonoros abiertos para improvisar.<\/h6>\n<h6 style=\"text-align: justify;\"><strong>El D\u00fao con Pedro Villagra y Pedro Villagra trio\/4tet<\/strong><br \/>\nLo latinoamericano junto a las resonancias jazz\u00edsticas y esos espacios en donde se encuentran para liberar nuevos sonidos han sido ventanas comunes de expresi\u00f3n para Mar\u00eda Acu\u00f1a y Pedro Villagra a trav\u00e9s de los a\u00f1os, entonces el d\u00fao es un lugar natural que se fue gestando desde diversas colaboraciones y ahora explora con atenci\u00f3n las sutilezas y posibilidades de un repertorio y formato que les invita a descubrir nuevas geograf\u00edas e identidades.<br \/>\nEn percusi\u00f3n, cuatro y voz forma parte del Pedro Villagra Trio y 4tet y acompa\u00f1a al maestro Villagra en su emblem\u00e1tica y constante composici\u00f3n y producci\u00f3n musical de trayectoria hist\u00f3rica y su permanente exploraci\u00f3n y desarrollo de formas, ritmos, melod\u00edas y poes\u00eda del universo latinoamericano, el latin jazz, el folklore, la fusi\u00f3n y el rock, entre otros.<\/h6>\n<h6 style=\"text-align: justify;\"><strong>La Guarandinga<\/strong><br \/>\nJunto al maestro dramaturgo, m\u00fasico, investigador y artista de la vida Carlos S\u00e1nchez Torrealba, se presenta en un programa de m\u00fasica popular y folcl\u00f3rica venezolana entrelazando impresiones, humor e historias de ese espacio nacional que es el origen cultural de esta propuesta.<\/h6>\n<h6 style=\"text-align: justify;\"><strong>Latitudes<\/strong><br \/>\nParticipa junto a 8 integrantes y cultores en esta potente banda que \u201c\u2026es un proyecto que une las ra\u00edces de Chile y Venezuela en un emocionante recorrido sonoro, que incluye ritmos como polo margarite\u00f1o, pericona, cueca, sangueo, ful\u00eda, cuecas y golpe mayero. Con los tambores venezolanos como protagonistas, el proyecto Latitudes invita a un viaje lleno de m\u00fasicas<br \/>\nvibrantes que celebran la riqueza de los diversos ritmos del folclore\u201d Versos de Ida y Vuelta (@versosdeidayvuelta)<\/h6>\n<h6 style=\"text-align: justify;\"><strong>QyM Ensamble<\/strong><br \/>\nJunto al maestro Quique Cruz, con quien es fundadora en California del proyecto Quijerem\u00e1 de fusi\u00f3n de jazz-folk latinoamericano y en Chile del QyM Ensamble, ha desarrollado y ofrece un lenguaje \u00fanico en la percusi\u00f3n, el cuatro y el canto en temas originales que son viajes y exploraciones sonoras en donde la improvisaci\u00f3n se vuelve un elemento central de<br \/>\nconversaci\u00f3n musical.<\/h6>\n<h6 style=\"text-align: justify;\"><strong>Anagramas: Variaciones para Ronroco Chileno<\/strong><br \/>\nEn la b\u00fasqueda de nuevas sonoridades y posibilidades del instrumento, Quique Cruz, tras a\u00f1os de investigaci\u00f3n y pruebas, dise\u00f1\u00f3 y desarroll\u00f3 un instrumento de maderas y encordado espec\u00edficos para ofrecer timbres y afinaciones diferentes que dieron paso a la composici\u00f3n de temas interpretados por el QyM Ensamble junto a destacados m\u00fasicos invitados de la escena nacional y plasmados en este proyecto auspiciado por el Fondart (Fondo Nacional de Desarrollo Cultural y las Artes). Anagramas ser\u00e1 publicado este a\u00f1o.<\/h6>\n<h6 style=\"text-align: justify;\"><b><span lang=\"ES-CL\">El Viaje (Quijerem\u00e1)<\/span><\/b><br \/>\n<span lang=\"ES\">El \u00e1lbum CD de Quijerem\u00e1,\u00a0<b>El Viaje<\/b>\u00a0(2015), como lo sugiere su nombre, intenta ofrecer una mirada amplia al trabajo y al desarrollo del viaje musical de Quijerema a lo largo de 12 a\u00f1os e incorpora temas de diferentes proyectos anteriores publicados.\u00a0 Algunos temas han sido bandas sonoras de pel\u00edculas documentales y otros temas incorporan canto.\u00a0<i>Aurora<\/i>,\u00a0<i>Casa Encendida<\/i>,\u00a0<i>Inga Tel<\/i><\/span><i><span lang=\"ES\">\u00e9<\/span><\/i><span lang=\"ES\">, Azul y Cuarzo y\u00a0<i>De Terciopelo Negro<\/i>, son algunos de los temas cantados, y\u00a0<i>El silencio<\/i>,\u00a0<i>Re-encuentros<\/i>\u00a0y\u00a0<i>P\u00e1jaros de la Noche<\/i>\u00a0son temas incluidos en bandas sonoras. Este \u00faltimo tema,\u00a0<i>P\u00e1jaros de la Noche<\/i>, se basa en una grabaci\u00f3n in-situ en la Cueva del Gu\u00e1charo, Estado Monagas, Venezuela, y que fue orquestada posteriormente.<\/span><\/h6>\n<p>[\/vc_column_text][\/vc_column][vc_column width=\u00bb1\/4&#8243;][\/vc_column][\/vc_row]<\/p>\n<\/section>","protected":false},"excerpt":{"rendered":"<p>[vc_row][vc_column width=\u00bb1\/4&#8243;][\/vc_column][vc_column width=\u00bb1\/2&#8243;][vc_column_text] Mar\u00eda Acu\u00f1a Es una cantautora y percusionista de trayectoria internacional nacida en Venezuela y de residencia andante, actualmente en Chile, que ofrece una fusi\u00f3n de m\u00fasica de ra\u00edz latinoamericana con toques de jazz en sus composiciones y&#8230;<\/p>\n","protected":false},"author":1,"featured_media":0,"parent":0,"menu_order":0,"comment_status":"closed","ping_status":"closed","template":"","meta":{"footnotes":""},"class_list":["post-2567","page","type-page","status-publish","hentry"],"_links":{"self":[{"href":"https:\/\/www.mariaacunamusica.com\/inicio\/wp-json\/wp\/v2\/pages\/2567","targetHints":{"allow":["GET"]}}],"collection":[{"href":"https:\/\/www.mariaacunamusica.com\/inicio\/wp-json\/wp\/v2\/pages"}],"about":[{"href":"https:\/\/www.mariaacunamusica.com\/inicio\/wp-json\/wp\/v2\/types\/page"}],"author":[{"embeddable":true,"href":"https:\/\/www.mariaacunamusica.com\/inicio\/wp-json\/wp\/v2\/users\/1"}],"replies":[{"embeddable":true,"href":"https:\/\/www.mariaacunamusica.com\/inicio\/wp-json\/wp\/v2\/comments?post=2567"}],"version-history":[{"count":7,"href":"https:\/\/www.mariaacunamusica.com\/inicio\/wp-json\/wp\/v2\/pages\/2567\/revisions"}],"predecessor-version":[{"id":2761,"href":"https:\/\/www.mariaacunamusica.com\/inicio\/wp-json\/wp\/v2\/pages\/2567\/revisions\/2761"}],"wp:attachment":[{"href":"https:\/\/www.mariaacunamusica.com\/inicio\/wp-json\/wp\/v2\/media?parent=2567"}],"curies":[{"name":"wp","href":"https:\/\/api.w.org\/{rel}","templated":true}]}}